{"id":600,"date":"2026-03-03T18:25:56","date_gmt":"2026-03-03T18:25:56","guid":{"rendered":"https:\/\/dev.mercadocriativo.pt\/giz\/?post_type=sucessos&#038;p=600"},"modified":"2026-03-03T18:45:29","modified_gmt":"2026-03-03T18:45:29","slug":"compromisso-pagamento-pontual-uma-responsabilidade-social","status":"publish","type":"sucessos","link":"https:\/\/dev.mercadocriativo.pt\/giz\/index.php\/sucessos\/compromisso-pagamento-pontual-uma-responsabilidade-social\/","title":{"rendered":"ETIC_Algarve conquista Acredita\u00e7\u00e3o ERASMUS entre 2021 e 2027"},"content":{"rendered":"\n<p>Com mais de 30 anos de exist\u00eancia, o&nbsp;<strong>Programa Erasmus<\/strong>&nbsp;quer mudar paradigmas e incentivar as Institui\u00e7\u00f5es a olhar para o futuro de uma forma consistente e a longo prazo e foi nesse sentido que a&nbsp;<strong>Comiss\u00e3o Europeia<\/strong>&nbsp;lan\u00e7ou a&nbsp;<strong>Acredita\u00e7\u00e3o Erasmus<\/strong>&nbsp;que marcou o in\u00edcio do novo&nbsp;<strong>Programa Erasmus 2021-<\/strong><strong>2027<\/strong>.<\/p>\n\n\n\n<p>A&nbsp;<strong>ETIC_Algarve<\/strong>&nbsp;viu a sua candidatura \u00e0&nbsp;<strong>ACREDITA\u00c7\u00c3O ERASMUS 2021-2027<\/strong>&nbsp;ser aprovada e conseguiu desta forma a possibilidade de dar continuidade ao trabalho desenvolvido desde 2015, que j\u00e1 permitiu a mobilidade europeia para est\u00e1gios profissionais de cerca de&nbsp;<strong>70 formandos<\/strong>&nbsp;e a mobilidade para escolas de refer\u00eancia nas ind\u00fastrias criativas a cerca de&nbsp;<strong>30 formadores<\/strong>&nbsp;e equipa t\u00e9cnico-pedag\u00f3gica.<\/p>\n\n\n\n<p>Com a participa\u00e7\u00e3o no&nbsp;<strong>Programa Erasmus+<\/strong>&nbsp;nestes 6 anos, a&nbsp;<strong>ETIC_Algarve<\/strong>&nbsp;tem vindo a destacar-se na regi\u00e3o do Algarve enquanto&nbsp;<strong>entidade formadora nas \u00e1reas criativas e tecnol\u00f3gicas<\/strong>&nbsp;e assume-se como uma mais valia para o setor, seja pelos seus formadores que s\u00e3o profissionais ativos na \u00e1rea que lecionam, seja pelos formandos que forma e que coloca no mercado de trabalho nacional e\/ou internacional, elevando desde sempre a import\u00e2ncia de uma&nbsp;<strong>experi\u00eancia profissional europeia<\/strong>&nbsp;e a&nbsp;<strong>Sustentabilidade e&nbsp;<\/strong><strong>Responsabilidade Ambiental<\/strong>;&nbsp;<strong>prosseguimento de estudos a n\u00edvel superior<\/strong>&nbsp;para crescimento pessoal e profissional bem como a&nbsp;<strong>valoriza\u00e7\u00e3o do curr\u00edculo<\/strong>.<\/p>\n\n\n\n<p>Com base na experi\u00eancia adquirida e a rede de empresas e&nbsp;<strong>escolas parceiras europeias<\/strong>&nbsp;que estabeleceu em mais de 15 pa\u00edses europeus, e que j\u00e1 valeu a esta escola um&nbsp;<strong>Pr\u00e9mio de Boas Pr\u00e1ticas Erasmus+ em 2018&nbsp;<\/strong>pela boa execu\u00e7\u00e3o e implementa\u00e7\u00e3o de projetos,&nbsp;<strong>a ETIC_Algarve<\/strong>&nbsp;apresentou um&nbsp;<strong>Plano Erasmus<\/strong>&nbsp;assente<br>nos 4 princ\u00edpios b\u00e1sicos de qualidade do Erasmus:<\/p>\n\n\n\n<ul class=\"wp-block-list\">\n<li><strong>Inclus\u00e3o e Diversidade<\/strong>;<\/li>\n\n\n\n<li><strong>Educa\u00e7\u00e3o Digital;<\/strong><\/li>\n\n\n\n<li><strong>Coopera\u00e7\u00e3o virtual<\/strong>; e,<\/li>\n\n\n\n<li><strong>Participa\u00e7\u00e3o ativa na rede de organiza\u00e7\u00f5es Erasmus<\/strong>.<\/li>\n<\/ul>\n\n\n\n<p>\u201cSer uma institui\u00e7\u00e3o acreditada significa fazer parte de um projeto maior, de uma ideia que visa o desenvolvimento e a melhoria do sistema de educa\u00e7\u00e3o e forma\u00e7\u00e3o na Europa de forma permanente e cont\u00ednua. As institui\u00e7\u00f5es acreditadas s\u00e3o reconhecidas pelos seus parceiros pela qualidade das suas atividades, pela mais valia que podem trazer ao programa, criando deste modo as bases para o estabelecimento de parcerias mais longas e duradouras\u201d,<br><em>de acordo com a Ag\u00eancia Nacional Erasmus+ Educa\u00e7\u00e3o e Forma\u00e7\u00e3o<\/em>.<\/p>\n\n\n\n<p>Esta&nbsp;<strong>Acredita\u00e7\u00e3o<\/strong>&nbsp;proporciona o acesso mais simples ao financiamento e permite que as mobilidades internacionais possam ser parte integrante da vida escolar, e coloca a ETIC_Algarve num patamar de excel\u00eancia e de refer\u00eancia, sendo das poucas entidades algarvias a ter adquirido esta acredita\u00e7\u00e3o, o que nos confere&nbsp;credibilidade e reputa\u00e7\u00e3o.<\/p>\n\n\n\n<p>Com esta&nbsp;<strong>Acredita\u00e7\u00e3o<\/strong><strong>&nbsp;ERASMUS 2021-2027<\/strong>&nbsp;a ETIC_Algarve prev\u00ea que at\u00e9 2027 possa atingir as 200 mobilidades de rec\u00e9m graduados para est\u00e1gios de 3 a 6 meses em empresas da sua \u00e1rea de forma\u00e7\u00e3o e a mobilidade de 65 formadores e staff.<\/p>\n\n\n\n<p>Dando seguimento ao esp\u00edrito pioneiro que move a&nbsp;<strong>ETIC_Algarve<\/strong>&nbsp;mediante o \u201csaber fazer praticando\u201d, com as Mobilidades Europeias a serem desenvolvidas atrav\u00e9s desta&nbsp;<strong>Acredita\u00e7\u00e3o ERASMUS 2021-2027<\/strong>&nbsp;os participantes ter\u00e3o oportunidade de melhorar compet\u00eancias, contactar com novos m\u00e9todos de trabalho, e adquirir novas aptid\u00f5es (socioculturais) que permitir\u00e3o um crescimento pessoal e profissional, contribuindo desta forma para o fortalecimento dos recursos humanos da regi\u00e3o, nas ind\u00fastrias criativas.<\/p>\n\n\n\n<p><\/p>\n","protected":false},"excerpt":{"rendered":"<p>Com mais de 30 anos de exist\u00eancia, o Programa Erasmus quer mudar paradigmas e incentivar as Institui\u00e7\u00f5es a olhar para o futuro de uma \u2026<\/p>\n","protected":false},"featured_media":605,"template":"","categories":[],"class_list":["post-600","sucessos","type-sucessos","status-publish","has-post-thumbnail","hentry"],"_links":{"self":[{"href":"https:\/\/dev.mercadocriativo.pt\/giz\/index.php\/wp-json\/wp\/v2\/sucessos\/600","targetHints":{"allow":["GET"]}}],"collection":[{"href":"https:\/\/dev.mercadocriativo.pt\/giz\/index.php\/wp-json\/wp\/v2\/sucessos"}],"about":[{"href":"https:\/\/dev.mercadocriativo.pt\/giz\/index.php\/wp-json\/wp\/v2\/types\/sucessos"}],"version-history":[{"count":0,"href":"https:\/\/dev.mercadocriativo.pt\/giz\/index.php\/wp-json\/wp\/v2\/sucessos\/600\/revisions"}],"wp:featuredmedia":[{"embeddable":true,"href":"https:\/\/dev.mercadocriativo.pt\/giz\/index.php\/wp-json\/wp\/v2\/media\/605"}],"wp:attachment":[{"href":"https:\/\/dev.mercadocriativo.pt\/giz\/index.php\/wp-json\/wp\/v2\/media?parent=600"}],"wp:term":[{"taxonomy":"category","embeddable":true,"href":"https:\/\/dev.mercadocriativo.pt\/giz\/index.php\/wp-json\/wp\/v2\/categories?post=600"}],"curies":[{"name":"wp","href":"https:\/\/api.w.org\/{rel}","templated":true}]}}

ETIC_Algarve conquista Acreditação ERASMUS entre 2021 e 2027

<p>Com mais de 30 anos de existência, o&nbsp;<strong>Programa Erasmus</strong>&nbsp;quer mudar paradigmas e incentivar as Instituições a olhar para o futuro de uma forma consistente e a longo prazo e foi nesse sentido que a&nbsp;<strong>Comissão Europeia</strong>&nbsp;lançou a&nbsp;<strong>Acreditação Erasmus</strong>&nbsp;que marcou o início do novo&nbsp;<strong>Programa Erasmus 2021-</strong><strong>2027</strong>.</p>



<p>A&nbsp;<strong>ETIC_Algarve</strong>&nbsp;viu a sua candidatura à&nbsp;<strong>ACREDITAÇÃO ERASMUS 2021-2027</strong>&nbsp;ser aprovada e conseguiu desta forma a possibilidade de dar continuidade ao trabalho desenvolvido desde 2015, que já permitiu a mobilidade europeia para estágios profissionais de cerca de&nbsp;<strong>70 formandos</strong>&nbsp;e a mobilidade para escolas de referência nas indústrias criativas a cerca de&nbsp;<strong>30 formadores</strong>&nbsp;e equipa técnico-pedagógica.</p>



<p>Com a participação no&nbsp;<strong>Programa Erasmus+</strong>&nbsp;nestes 6 anos, a&nbsp;<strong>ETIC_Algarve</strong>&nbsp;tem vindo a destacar-se na região do Algarve enquanto&nbsp;<strong>entidade formadora nas áreas criativas e tecnológicas</strong>&nbsp;e assume-se como uma mais valia para o setor, seja pelos seus formadores que são profissionais ativos na área que lecionam, seja pelos formandos que forma e que coloca no mercado de trabalho nacional e/ou internacional, elevando desde sempre a importância de uma&nbsp;<strong>experiência profissional europeia</strong>&nbsp;e a&nbsp;<strong>Sustentabilidade e&nbsp;</strong><strong>Responsabilidade Ambiental</strong>;&nbsp;<strong>prosseguimento de estudos a nível superior</strong>&nbsp;para crescimento pessoal e profissional bem como a&nbsp;<strong>valorização do currículo</strong>.</p>



<p>Com base na experiência adquirida e a rede de empresas e&nbsp;<strong>escolas parceiras europeias</strong>&nbsp;que estabeleceu em mais de 15 países europeus, e que já valeu a esta escola um&nbsp;<strong>Prémio de Boas Práticas Erasmus+ em 2018&nbsp;</strong>pela boa execução e implementação de projetos,&nbsp;<strong>a ETIC_Algarve</strong>&nbsp;apresentou um&nbsp;<strong>Plano Erasmus</strong>&nbsp;assente<br>nos 4 princípios básicos de qualidade do Erasmus:</p>



<ul class="wp-block-list">
<li><strong>Inclusão e Diversidade</strong>;</li>



<li><strong>Educação Digital;</strong></li>



<li><strong>Cooperação virtual</strong>; e,</li>



<li><strong>Participação ativa na rede de organizações Erasmus</strong>.</li>
</ul>



<p>“Ser uma instituição acreditada significa fazer parte de um projeto maior, de uma ideia que visa o desenvolvimento e a melhoria do sistema de educação e formação na Europa de forma permanente e contínua. As instituições acreditadas são reconhecidas pelos seus parceiros pela qualidade das suas atividades, pela mais valia que podem trazer ao programa, criando deste modo as bases para o estabelecimento de parcerias mais longas e duradouras”,<br><em>de acordo com a Agência Nacional Erasmus+ Educação e Formação</em>.</p>



<p>Esta&nbsp;<strong>Acreditação</strong>&nbsp;proporciona o acesso mais simples ao financiamento e permite que as mobilidades internacionais possam ser parte integrante da vida escolar, e coloca a ETIC_Algarve num patamar de excelência e de referência, sendo das poucas entidades algarvias a ter adquirido esta acreditação, o que nos confere&nbsp;credibilidade e reputação.</p>



<p>Com esta&nbsp;<strong>Acreditação</strong><strong>&nbsp;ERASMUS 2021-2027</strong>&nbsp;a ETIC_Algarve prevê que até 2027 possa atingir as 200 mobilidades de recém graduados para estágios de 3 a 6 meses em empresas da sua área de formação e a mobilidade de 65 formadores e staff.</p>



<p>Dando seguimento ao espírito pioneiro que move a&nbsp;<strong>ETIC_Algarve</strong>&nbsp;mediante o “saber fazer praticando”, com as Mobilidades Europeias a serem desenvolvidas através desta&nbsp;<strong>Acreditação ERASMUS 2021-2027</strong>&nbsp;os participantes terão oportunidade de melhorar competências, contactar com novos métodos de trabalho, e adquirir novas aptidões (socioculturais) que permitirão um crescimento pessoal e profissional, contribuindo desta forma para o fortalecimento dos recursos humanos da região, nas indústrias criativas.</p>



<p></p>

<p>Com mais de 30 anos de existência, o Programa Erasmus quer mudar paradigmas e incentivar as Instituições a olhar para o futuro de uma …</p>
